r of r and 7?
7
Let i be ((-6)/(-8) - 165/44) + 19. Calculate the greatest common divisor of i and 24.
8
Suppose -51*n + 60*n - 1827 = 0. Let z be (1 + 1)/((-6)/(-87)). Calculate the highest common factor of n and z.
29
Suppose -5*g - 3*u = u + 295, 0 = -4*g + 3*u - 205. Let a be ((-39)/(-3))/((-5)/g). What is the greatest common factor of a and 13?
13
Let j be (1 + -22)/(21/(-70)). Suppose -3*b + 48 = -2*x - 4, -4*b + j = -3*x. What is the highest common factor of b and 4?
4
Let q(r) = -6*r + 13 - 5*r + r**2 + 0*r**2. Let f be q(10). What is the highest common factor of f and 3?
3
Let v be (570/4)/((-28)/(-280)). What is the highest common factor of v and 57?
57
Let d = -4 - 3. Let f(g) = 2*g + 7. Let u be f(d). Let x be (84/u)/((-2)/14). Calculate the highest common divisor of 12 and x.
12
Suppose -3*t + 57 = -2*l - 345, 3*l - 134 = -t. Let c = t + -124. Calculate the greatest common divisor of 80 and c.
10
Let j(q) = q**3 - 10*q**2 + 4*q - 4. Let o be j(10). Suppose m - 2*c = o, 0*c - 155 = -5*m + 5*c. Calculate the greatest common factor of 208 and m.
26
Let z be 390 + (2 - 1)/(12/36). Suppose -5*p + z + 62 = 0. Suppose -21 = -j - 4*d, -5*j + 0*j + 67 = d. Calculate the highest common divisor of p and j.
13
Let s(l) = -31*l + 139. Let u be s(-18). Calculate the greatest common factor of u and 82.
41
Suppose 1160 = 90*b - 550. Let o = 13 - -158. What is the highest common divisor of b and o?
19
Suppose -3330 = -0*q + 3*q. Suppose -2*p + o - 5*o + 24 = 0, 2*p = 2*o. Let r be (-2)/p + q/(-20). What is the greatest common factor of r and 22?
11
Let c be ((-9)/(-6))/(15/2300). Let u(b) = -16*b - 2. Let t be u(-3). What is the greatest common factor of t and c?
46
Suppose -52 - 683 = -7*g. What is the highest common factor of g and 15?
15
Let x(i) = 5*i**2 - 44*i - 179. Let k be x(12). Let a = -72 + 119. Suppose 0 = -v + 2*u + a, -2*u + 148 = v + 3*v. What is the highest common factor of v and k?
13
Let n = -490 + 522. Calculate the greatest common factor of 208 and n.
16
Let w(a) = -2*a**2 + 8*a. Let i be w(4). Suppose -u + 3*u - 6 = i. Let m be 3/2*28/u. What is the greatest common divisor of 112 and m?
14
Let d(y) = y + 14. Let m(v) = 5*v - 22. Let w be m(4). Let g be d(w). Let b = 27 - 9. Calculate the highest common divisor of g and b.
6
Let r be ((-1)/(-2))/((-78)/(-1716)). Calculate the highest common factor of 517 and r.
11
Suppose 5*w = -v + 68, 25*w - 192 = -2*v + 29*w. What is the greatest common factor of v and 8?
8
Let b be (8 + (-72)/(-10))/((-2)/(-35)). What is the greatest common divisor of b and 70?
14
Let q(b) = b**2 + 6*b + 3. Suppose 3*d = 2*d - 6. Let k be q(d). Suppose 7*h = k*h + 64. What is the highest common factor of 24 and h?
8
Suppose -3*y - 56 = -137. Calculate the highest common factor of y and 297.
27
Let x(z) = -4 + 6*z - 5 + 0 - 6. Let w be x(5). What is the greatest common factor of w and 75?
15
Let o be (-256)/(-12) - 2/(-3). Suppose 5*k - 9*k + 968 = 0. What is the highest common divisor of k and o?
22
Let l be 3*-1*(-25)/15. Let k = 25 + l. What is the greatest common divisor of 15 and k?
15
Suppose -2*x + 45 = -15. Let v be (-4)/(-3) - (-56)/3. What is the highest common divisor of x and v?
10
Let w = -26 - -391. Calculate the greatest common divisor of 73 and w.
73
Let d be -5*(-3)/9*3. Suppose 0 = 4*a - 5*p - 148, -d*a - 5*p + 230 = -0*p. Calculate the highest common divisor of 21 and a.
21
Suppose 0*z = -5*z - 5, 0 = l - 5*z - 11. Let v be (l + -24)*4/(-3). What is the greatest common divisor of v and 36?
12
Suppose -12 = 3*f, -3*f + 68 = 5*z + 10. Suppose -9 = -2*q + 5. Suppose -2*o + q*o - 70 = 0. Calculate the greatest common divisor of z and o.
14
Let k be (72/15)/(-12) - 67/(-5). Let n(a) = 4*a**2 + 2*a + 9. Let i be n(-4). What is the highest common divisor of k and i?
13
Let i(p) = -31*p**3 - p**2 + 2. Let f be i(-1). What is the greatest common divisor of f and 1?
1
Let p = -453 - -497. Calculate the greatest common factor of 1100 and p.
44
Let z = 2514 - 2436. What is the greatest common divisor of 1534 and z?
26
Let o(j) = j**3 - 6*j**2 + 1. Let l be o(6). Let q be l - -39 - (-1 - 1). What is the highest common divisor of q and 28?
14
Let k(t) = 41*t**2 + 1. Let v be k(1). Suppose -8*m + 12*m - 16 = 0. Let x be (m/5)/(4/30). Calculate the highest common divisor of x and v.
6
Let a be -4*(-2 - 442/4). Suppose d - 6*d = -a. Let r = 33 + -23. What is the highest common factor of d and r?
10
Let i be 10 + 3/6*8/2. Calculate the greatest common factor of 384 and i.
12
Suppose 4*k - 978 = -378. What is the highest common factor of k and 200?
50
Let y be 13/(5/320*4). Calculate the highest common divisor of 234 and y.
26
Let z = 118 + -115. Suppose -4*a + 129 = -z*a + 3*c, 3*c + 471 = 4*a. Calculate the highest common factor of a and 30.
30
Suppose 3*i + 3*r = 0, 3*r = -3*i + 4*r + 20. Let a(p) = -5*p - 4. Let x be a(i). Let q = -18 - x. What is the highest common divisor of q and 88?
11
Let d = 14 + 106. Suppose -5*c + w = -71, 0*w = -4*c + 4*w + 44. What is the greatest common divisor of c and d?
15
Suppose -1093*n = -1099*n + 240. Calculate the highest common factor of 640 and n.
40
Suppose -7*h + 0*h = -49. Suppose -10*y + h*y + 240 = 0. Let c(d) = 3*d**2 - 2*d + 2. Let i be c(2). Calculate the greatest common divisor of i and y.
10
Let x(h) = h**3 + 9*h**2 + 5*h + 9. Suppose -6 = -2*f - 2. Suppose -j - 24 = f*j. Let g be x(j). Calculate the highest common factor of g and 3.
3
Suppose 0 = 21*r - 19*r - 432. Suppose x = -11*x + r. Calculate the highest common factor of 9 and x.
9
Let v(o) = 168*o - 683. Let n be v(6). Calculate the highest common factor of n and 100.
25
Suppose 0 = 3*a + 13*a - 640. What is the greatest common divisor of 1000 and a?
40
Let b = 8 - 4. Suppose b*q + 6 - 2 = 0. Let c be (-458)/(-8) + q/4. What is the highest common divisor of 19 and c?
19
Let t be (0 - 4/6)/((-3)/9). Suppose -1 + 7 = t*u. What is the greatest common divisor of u and 6?
3
Let t = 36 + -71. Let f = -29 - t. Let w be (2 - 14)/(f/(-4)). What is the highest common factor of w and 64?
8
Suppose 48*u - 19893 = 33147. What is the greatest common factor of 130 and u?
65
Suppose 3*j - j = -i + 66, i - 3*j = 51. Suppose 0 = 3*v + 2*p + 22 - 144, -5*v + 3*p + 197 = 0. Calculate the highest common divisor of v and i.
20
Let k be (3 - (-235)/(-15))*-6. What is the greatest common divisor of k and 342?
38
Let w(o) = 2*o + 31. Let y be w(-17). Let j be 5/60*y - 114/(-8). Calculate the highest common factor of j and 21.
7
Let s be 20*(-8 - (-45)/3). Calculate the greatest common divisor of 56 and s.
28
Suppose 2*d = 2*z + 3*d - 44, 5*d + 80 = 5*z. Suppose 4*n = i - 9, -4*i + 3*i + 2*n + 7 = 0. What is the greatest common divisor of i and z?
5
Suppose 5*l = 5*b - 75, 25 = 5*b + 7*l - 2*l. Suppose 20*g - 481 = 319. Calculate the greatest common divisor of g and b.
10
Let i = -65 + 303. Suppose -3*o = 2*x - x - i, 404 = 5*o - 2*x. Calculate the greatest common factor of 10 and o.
10
Let m = -546 - -698. Calculate the highest common factor of m and 190.
38
Suppose 0 = 4*x + 2*a - 112, -2*x + 7*a + 68 = 2*a. Suppose 8 + 1 = q + p, 3*p + x = 4*q. Calculate the highest common divisor of 24 and q.
8
Let i = 1 - -7. Let y be 1758/i + (34/8 - 4). Calculate the greatest common divisor of y and 44.
44
Suppose -4*k + 0*q + 5*q - 8 = 0, -4*k = 3*q + 40. Let i be -2*4/(-8) - k. Calculate the greatest common factor of 72 and i.
8
Suppose -x + 124 = 42. What is the greatest common divisor of x and 164?
82
Suppose -89 + 114 = 5*u. What is the greatest common divisor of 15 and u?
5
Let q be 195/(-13)*(-3)/1. Let l be (-9)/(q/(-16))*25. Let g = -31 + 47. What is the highest common divisor of l and g?
16
Let h(u) = -u**3 - 8*u**2 + 14*u + 110. Let c be h(-10). Calculate the greatest common factor of 34 and c.
34
Let t = -761 - -825. Calculate the greatest common factor of 64 and t.
64
Suppose 4*q - 5*r = 598, -5*q + 4*r + 970 = 218. Calculate the highest common factor of 95 and q.
19
Let h be -2 + (0 - -1) + 1. Suppose h + 25 = c. Suppose 0*t + l - 196 = -2*t, 2*t - 3*l - 212 = 0. What is the highest common factor of c and t?
25
Suppose -3*c - 10 = -70. What is the highest common factor of 4 and c?
4
Let k = -1095 - -1731. What is the